{"id":3598,"date":"2026-04-20T09:40:29","date_gmt":"2026-04-20T07:40:29","guid":{"rendered":"https:\/\/www.fotostudio-tinamann.de\/?page_id=3598"},"modified":"2026-04-20T10:33:39","modified_gmt":"2026-04-20T08:33:39","slug":"kinderbuch-und-malbuecher-fuer-kinder-tina-mann-wadern","status":"publish","type":"page","link":"https:\/\/www.fotostudio-tinamann.de\/?page_id=3598","title":{"rendered":"Kinderb\u00fccher"},"content":{"rendered":"\n<p>Mit viel Liebe zum Detail ist mein erstes Kinderbuch entstanden &#8211; inspiriert von meinem eigenen Hund Coco. <\/p>\n\n\n\n<p>Es war ein Herzensprojekt, das mich schon lange begleitet hat. Umso sch\u00f6ner ist es, dass ich endlich den Mut gefunden habe, meine Ideen Wirklichkeit werden zu lassen. <\/p>\n\n\n\n<p>Denn manchmal stellt man sich selbst die Frage: Wie kann man eine Geschichte \u00fcber Mut erz\u00e4hlen, wenn man sich selbst nicht traut, den ersten Schritt zu gehen? Und genau deshalb bedeutet mir dieses Buch so viel. <\/p>\n\n\n\n<p>Neben meinem Kinderbuch findest du hier auch liebevoll gestaltete Malb\u00fccher f\u00fcr Kinder, die zum Tr\u00e4umen, Entdecken und Kreativsein einladen: <\/p>\n\n\n<div class=\"wp-block-image\">\n<figure class=\"aligncenter size-large is-resized\"><a href=\"https:\/\/www.fotostudio-tinamann.de\/wp-content\/uploads\/2026\/04\/FotostudioTinaMann_9045-scaled.jpg\"><img loading=\"lazy\" decoding=\"async\" width=\"1024\" height=\"1024\" src=\"https:\/\/www.fotostudio-tinamann.de\/wp-content\/uploads\/2026\/04\/FotostudioTinaMann_9045-1024x1024.jpg\" alt=\"\" class=\"wp-image-3599\" style=\"width:311px;height:auto\" srcset=\"https:\/\/www.fotostudio-tinamann.de\/wp-content\/uploads\/2026\/04\/FotostudioTinaMann_9045-1024x1024.jpg 1024w, https:\/\/www.fotostudio-tinamann.de\/wp-content\/uploads\/2026\/04\/FotostudioTinaMann_9045-300x300.jpg 300w, https:\/\/www.fotostudio-tinamann.de\/wp-content\/uploads\/2026\/04\/FotostudioTinaMann_9045-150x150.jpg 150w, https:\/\/www.fotostudio-tinamann.de\/wp-content\/uploads\/2026\/04\/FotostudioTinaMann_9045-768x768.jpg 768w, https:\/\/www.fotostudio-tinamann.de\/wp-content\/uploads\/2026\/04\/FotostudioTinaMann_9045-50x50.jpg 50w, https:\/\/www.fotostudio-tinamann.de\/wp-content\/uploads\/2026\/04\/FotostudioTinaMann_9045-467x467.jpg 467w, https:\/\/www.fotostudio-tinamann.de\/wp-content\/uploads\/2026\/04\/FotostudioTinaMann_9045-1536x1536.jpg 1536w, https:\/\/www.fotostudio-tinamann.de\/wp-content\/uploads\/2026\/04\/FotostudioTinaMann_9045-2048x2048.jpg 2048w, https:\/\/www.fotostudio-tinamann.de\/wp-content\/uploads\/2026\/04\/FotostudioTinaMann_9045-624x624.jpg 624w\" sizes=\"auto, (max-width: 1024px) 100vw, 1024px\" \/><\/a><\/figure>\n<\/div>\n\n\n<p><\/p>\n\n\n\n<h2 class=\"wp-block-heading\">Kinderbuch: <strong>Coco, der kleine Hund, der sich alles traute<\/strong><\/h2>\n\n\n\n<p>Eine liebevolle Geschichte \u00fcber Mut, Vertrauen und das \u00dcberwinden von \u00c4ngsten. Begleite Coco auf ihrem Weg und entdecke, wie wichtig es ist, an sich selbst zu glauben.<\/p>\n\n\n\n<p>Ein Buch, das Kinder st\u00e4rkt &#8211; und vielleicht auch den Gro\u00dfen ein kleines L\u00e4cheln schenkt.<\/p>\n\n\n\n<figure class=\"wp-block-image size-large is-resized\"><a href=\"https:\/\/www.fotostudio-tinamann.de\/wp-content\/uploads\/2026\/04\/FotostudioTinaMann_9046_2-scaled.jpg\"><img loading=\"lazy\" decoding=\"async\" width=\"1024\" height=\"1024\" src=\"https:\/\/www.fotostudio-tinamann.de\/wp-content\/uploads\/2026\/04\/FotostudioTinaMann_9046_2-1024x1024.jpg\" alt=\"\" class=\"wp-image-3600\" style=\"width:360px;height:auto\" srcset=\"https:\/\/www.fotostudio-tinamann.de\/wp-content\/uploads\/2026\/04\/FotostudioTinaMann_9046_2-1024x1024.jpg 1024w, https:\/\/www.fotostudio-tinamann.de\/wp-content\/uploads\/2026\/04\/FotostudioTinaMann_9046_2-300x300.jpg 300w, https:\/\/www.fotostudio-tinamann.de\/wp-content\/uploads\/2026\/04\/FotostudioTinaMann_9046_2-150x150.jpg 150w, https:\/\/www.fotostudio-tinamann.de\/wp-content\/uploads\/2026\/04\/FotostudioTinaMann_9046_2-768x768.jpg 768w, https:\/\/www.fotostudio-tinamann.de\/wp-content\/uploads\/2026\/04\/FotostudioTinaMann_9046_2-50x50.jpg 50w, https:\/\/www.fotostudio-tinamann.de\/wp-content\/uploads\/2026\/04\/FotostudioTinaMann_9046_2-467x467.jpg 467w, https:\/\/www.fotostudio-tinamann.de\/wp-content\/uploads\/2026\/04\/FotostudioTinaMann_9046_2-1536x1536.jpg 1536w, https:\/\/www.fotostudio-tinamann.de\/wp-content\/uploads\/2026\/04\/FotostudioTinaMann_9046_2-2048x2048.jpg 2048w, https:\/\/www.fotostudio-tinamann.de\/wp-content\/uploads\/2026\/04\/FotostudioTinaMann_9046_2-624x624.jpg 624w\" sizes=\"auto, (max-width: 1024px) 100vw, 1024px\" \/><\/a><\/figure>\n\n\n\n<div class=\"wp-block-buttons is-layout-flex wp-block-buttons-is-layout-flex\">\n<div class=\"wp-block-button\"><a class=\"wp-block-button__link wp-element-button\" href=\"https:\/\/www.amazon.de\/dp\/B0GS5G8DCV\"><mark style=\"background-color:rgba(0, 0, 0, 0);color:#e40b0b\" class=\"has-inline-color\">Coco&#8217;s Geschichte entdecken<\/mark><\/a><\/div>\n<\/div>\n\n\n\n<p>___________________________________________________________________<\/p>\n\n\n\n<h2 class=\"wp-block-heading\">Malbuch f\u00fcr Kinder: Mein erstes Bauernhof-Malbuch<\/h2>\n\n\n\n<p>Spielerisches Ausmalen f\u00fcr kleine Entdecker &#8211; auf einem Bauernhof gibt es so viel zu entdecken! Von neugierigen K\u00fchen \u00fcber fr\u00f6hliche H\u00fchner bis hin zu gro\u00dfen Traktoren &#8211; dieses Malbuch l\u00e4dt Kinder ein, spielerisch in die Welt des Bauernhofs einzutauchen und ihrer Kreativit\u00e4t freien Lauf zu lassen.<\/p>\n\n\n\n<figure class=\"wp-block-image size-large is-resized\"><a href=\"https:\/\/www.fotostudio-tinamann.de\/wp-content\/uploads\/2026\/04\/FotostudioTinaMann_9049-scaled.jpg\"><img loading=\"lazy\" decoding=\"async\" width=\"1024\" height=\"1024\" src=\"https:\/\/www.fotostudio-tinamann.de\/wp-content\/uploads\/2026\/04\/FotostudioTinaMann_9049-1024x1024.jpg\" alt=\"\" class=\"wp-image-3605\" style=\"width:371px;height:auto\" srcset=\"https:\/\/www.fotostudio-tinamann.de\/wp-content\/uploads\/2026\/04\/FotostudioTinaMann_9049-1024x1024.jpg 1024w, https:\/\/www.fotostudio-tinamann.de\/wp-content\/uploads\/2026\/04\/FotostudioTinaMann_9049-300x300.jpg 300w, https:\/\/www.fotostudio-tinamann.de\/wp-content\/uploads\/2026\/04\/FotostudioTinaMann_9049-150x150.jpg 150w, https:\/\/www.fotostudio-tinamann.de\/wp-content\/uploads\/2026\/04\/FotostudioTinaMann_9049-768x768.jpg 768w, https:\/\/www.fotostudio-tinamann.de\/wp-content\/uploads\/2026\/04\/FotostudioTinaMann_9049-50x50.jpg 50w, https:\/\/www.fotostudio-tinamann.de\/wp-content\/uploads\/2026\/04\/FotostudioTinaMann_9049-467x467.jpg 467w, https:\/\/www.fotostudio-tinamann.de\/wp-content\/uploads\/2026\/04\/FotostudioTinaMann_9049-1536x1536.jpg 1536w, https:\/\/www.fotostudio-tinamann.de\/wp-content\/uploads\/2026\/04\/FotostudioTinaMann_9049-2048x2048.jpg 2048w, https:\/\/www.fotostudio-tinamann.de\/wp-content\/uploads\/2026\/04\/FotostudioTinaMann_9049-624x624.jpg 624w\" sizes=\"auto, (max-width: 1024px) 100vw, 1024px\" \/><\/a><\/figure>\n\n\n\n<div class=\"wp-block-buttons is-layout-flex wp-block-buttons-is-layout-flex\">\n<div class=\"wp-block-button\"><a class=\"wp-block-button__link wp-element-button\" href=\"https:\/\/www.amazon.de\/dp\/B0GT3LLQ2X\"><mark style=\"background-color:rgba(0, 0, 0, 0);color:#eb1212\" class=\"has-inline-color\">Jetzt entdecken<\/mark><\/a><\/div>\n<\/div>\n\n\n\n<p>____________________________________________________________________<\/p>\n\n\n\n<h2 class=\"wp-block-heading\">Malbuch f\u00fcr Kinder: Tiere im Wald<\/h2>\n\n\n\n<p>Kreativer Malspa\u00df f\u00fcr Kinder &#8211; mit liebevoll gestalteten Motiven aus dem Wald. Ob kleine Rehe, neugierige F\u00fcchse oder verspielte Eichh\u00f6rnchen &#8211; dieses Malbuch l\u00e4dt Kinder dazu ein, die Natur auf ihre ganz eigene Weise zu entdecken.<\/p>\n\n\n\n<figure class=\"wp-block-image size-large is-resized\"><a href=\"https:\/\/www.fotostudio-tinamann.de\/wp-content\/uploads\/2026\/04\/FotostudioTinaMann_9053-scaled.jpg\"><img loading=\"lazy\" decoding=\"async\" width=\"1024\" height=\"1024\" src=\"https:\/\/www.fotostudio-tinamann.de\/wp-content\/uploads\/2026\/04\/FotostudioTinaMann_9053-1024x1024.jpg\" alt=\"\" class=\"wp-image-3606\" style=\"width:377px;height:auto\" srcset=\"https:\/\/www.fotostudio-tinamann.de\/wp-content\/uploads\/2026\/04\/FotostudioTinaMann_9053-1024x1024.jpg 1024w, https:\/\/www.fotostudio-tinamann.de\/wp-content\/uploads\/2026\/04\/FotostudioTinaMann_9053-300x300.jpg 300w, https:\/\/www.fotostudio-tinamann.de\/wp-content\/uploads\/2026\/04\/FotostudioTinaMann_9053-150x150.jpg 150w, https:\/\/www.fotostudio-tinamann.de\/wp-content\/uploads\/2026\/04\/FotostudioTinaMann_9053-768x768.jpg 768w, https:\/\/www.fotostudio-tinamann.de\/wp-content\/uploads\/2026\/04\/FotostudioTinaMann_9053-50x50.jpg 50w, https:\/\/www.fotostudio-tinamann.de\/wp-content\/uploads\/2026\/04\/FotostudioTinaMann_9053-467x467.jpg 467w, https:\/\/www.fotostudio-tinamann.de\/wp-content\/uploads\/2026\/04\/FotostudioTinaMann_9053-1536x1536.jpg 1536w, https:\/\/www.fotostudio-tinamann.de\/wp-content\/uploads\/2026\/04\/FotostudioTinaMann_9053-2048x2048.jpg 2048w, https:\/\/www.fotostudio-tinamann.de\/wp-content\/uploads\/2026\/04\/FotostudioTinaMann_9053-624x624.jpg 624w\" sizes=\"auto, (max-width: 1024px) 100vw, 1024px\" \/><\/a><\/figure>\n\n\n\n<div class=\"wp-block-buttons is-layout-flex wp-block-buttons-is-layout-flex\">\n<div class=\"wp-block-button\"><a class=\"wp-block-button__link wp-element-button\" href=\"https:\/\/www.amazon.de\/dp\/B0GSK847VB\"><mark style=\"background-color:rgba(0, 0, 0, 0);color:#eb0e0e\" class=\"has-inline-color\">Jetzt entdecken<\/mark><\/a><\/div>\n<\/div>\n\n\n\n<p>____________________________________________________________________<\/p>\n\n\n\n<p><em>Ver\u00f6ffentlicht wurden meine B\u00fccher unter dem Namen Tina Schunk.<\/em><\/p>\n","protected":false},"excerpt":{"rendered":"<p>Mit viel Liebe zum Detail ist mein erstes Kinderbuch entstanden &#8211; inspiriert von meinem eigenen Hund Coco. Es war ein Herzensprojekt, das mich schon lange begleitet hat. Umso sch\u00f6ner ist es, dass ich endlich den Mut gefunden habe, meine Ideen Wirklichkeit werden zu lassen. Denn manchmal stellt man sich selbst die Frage: Wie kann man [&hellip;]<\/p>\n","protected":false},"author":2,"featured_media":0,"parent":0,"menu_order":0,"comment_status":"closed","ping_status":"closed","template":"","meta":{"footnotes":""},"class_list":["post-3598","page","type-page","status-publish","hentry"],"yoast_head":"<!-- This site is optimized with the Yoast SEO plugin v27.4 - https:\/\/yoast.com\/product\/yoast-seo-wordpress\/ -->\n<title>Kinderb\u00fccher -<\/title>\n<meta name=\"description\" content=\"Liebevoll gestaltetes Kinderbuch \u00fcber Mut, sowie kreative Malb\u00fccher f\u00fcr Kinder. Jetzt entdecken und in kleine Abenteuer eintauchen.\" \/>\n<meta name=\"robots\" content=\"index, follow, max-snippet:-1, max-image-preview:large, max-video-preview:-1\" \/>\n<link rel=\"canonical\" href=\"https:\/\/www.fotostudio-tinamann.de\/?page_id=3598\" \/>\n<meta property=\"og:locale\" content=\"de_DE\" \/>\n<meta property=\"og:type\" content=\"article\" \/>\n<meta property=\"og:title\" content=\"Kinderb\u00fccher -\" \/>\n<meta property=\"og:description\" content=\"Liebevoll gestaltetes Kinderbuch \u00fcber Mut, sowie kreative Malb\u00fccher f\u00fcr Kinder. Jetzt entdecken und in kleine Abenteuer eintauchen.\" \/>\n<meta property=\"og:url\" content=\"https:\/\/www.fotostudio-tinamann.de\/?page_id=3598\" \/>\n<meta property=\"article:publisher\" content=\"https:\/\/www.facebook.com\/Fotostudio-Tina-Mann-266855836793786\" \/>\n<meta property=\"article:modified_time\" content=\"2026-04-20T08:33:39+00:00\" \/>\n<meta property=\"og:image\" content=\"https:\/\/www.fotostudio-tinamann.de\/wp-content\/uploads\/2026\/04\/FotostudioTinaMann_9045-scaled.jpg\" \/>\n\t<meta property=\"og:image:width\" content=\"2560\" \/>\n\t<meta property=\"og:image:height\" content=\"2560\" \/>\n\t<meta property=\"og:image:type\" content=\"image\/jpeg\" \/>\n<meta name=\"twitter:card\" content=\"summary_large_image\" \/>\n<meta name=\"twitter:label1\" content=\"Gesch\u00e4tzte Lesezeit\" \/>\n\t<meta name=\"twitter:data1\" content=\"3\u00a0Minuten\" \/>\n<script type=\"application\/ld+json\" class=\"yoast-schema-graph\">{\"@context\":\"https:\\\/\\\/schema.org\",\"@graph\":[{\"@type\":\"WebPage\",\"@id\":\"https:\\\/\\\/www.fotostudio-tinamann.de\\\/?page_id=3598\",\"url\":\"https:\\\/\\\/www.fotostudio-tinamann.de\\\/?page_id=3598\",\"name\":\"Kinderb\u00fccher -\",\"isPartOf\":{\"@id\":\"https:\\\/\\\/www.fotostudio-tinamann.de\\\/#website\"},\"primaryImageOfPage\":{\"@id\":\"https:\\\/\\\/www.fotostudio-tinamann.de\\\/?page_id=3598#primaryimage\"},\"image\":{\"@id\":\"https:\\\/\\\/www.fotostudio-tinamann.de\\\/?page_id=3598#primaryimage\"},\"thumbnailUrl\":\"https:\\\/\\\/www.fotostudio-tinamann.de\\\/wp-content\\\/uploads\\\/2026\\\/04\\\/FotostudioTinaMann_9045-1024x1024.jpg\",\"datePublished\":\"2026-04-20T07:40:29+00:00\",\"dateModified\":\"2026-04-20T08:33:39+00:00\",\"description\":\"Liebevoll gestaltetes Kinderbuch \u00fcber Mut, sowie kreative Malb\u00fccher f\u00fcr Kinder. Jetzt entdecken und in kleine Abenteuer eintauchen.\",\"breadcrumb\":{\"@id\":\"https:\\\/\\\/www.fotostudio-tinamann.de\\\/?page_id=3598#breadcrumb\"},\"inLanguage\":\"de\",\"potentialAction\":[{\"@type\":\"ReadAction\",\"target\":[\"https:\\\/\\\/www.fotostudio-tinamann.de\\\/?page_id=3598\"]}]},{\"@type\":\"ImageObject\",\"inLanguage\":\"de\",\"@id\":\"https:\\\/\\\/www.fotostudio-tinamann.de\\\/?page_id=3598#primaryimage\",\"url\":\"https:\\\/\\\/www.fotostudio-tinamann.de\\\/wp-content\\\/uploads\\\/2026\\\/04\\\/FotostudioTinaMann_9045-scaled.jpg\",\"contentUrl\":\"https:\\\/\\\/www.fotostudio-tinamann.de\\\/wp-content\\\/uploads\\\/2026\\\/04\\\/FotostudioTinaMann_9045-scaled.jpg\",\"width\":2560,\"height\":2560},{\"@type\":\"BreadcrumbList\",\"@id\":\"https:\\\/\\\/www.fotostudio-tinamann.de\\\/?page_id=3598#breadcrumb\",\"itemListElement\":[{\"@type\":\"ListItem\",\"position\":1,\"name\":\"Startseite\",\"item\":\"https:\\\/\\\/www.fotostudio-tinamann.de\\\/\"},{\"@type\":\"ListItem\",\"position\":2,\"name\":\"Kinderb\u00fccher\"}]},{\"@type\":\"WebSite\",\"@id\":\"https:\\\/\\\/www.fotostudio-tinamann.de\\\/#website\",\"url\":\"https:\\\/\\\/www.fotostudio-tinamann.de\\\/\",\"name\":\"Fotostudio Tina Mann\",\"description\":\"\",\"publisher\":{\"@id\":\"https:\\\/\\\/www.fotostudio-tinamann.de\\\/#organization\"},\"potentialAction\":[{\"@type\":\"SearchAction\",\"target\":{\"@type\":\"EntryPoint\",\"urlTemplate\":\"https:\\\/\\\/www.fotostudio-tinamann.de\\\/?s={search_term_string}\"},\"query-input\":{\"@type\":\"PropertyValueSpecification\",\"valueRequired\":true,\"valueName\":\"search_term_string\"}}],\"inLanguage\":\"de\"},{\"@type\":\"Organization\",\"@id\":\"https:\\\/\\\/www.fotostudio-tinamann.de\\\/#organization\",\"name\":\"Fotostudio Tina Mann\",\"url\":\"https:\\\/\\\/www.fotostudio-tinamann.de\\\/\",\"logo\":{\"@type\":\"ImageObject\",\"inLanguage\":\"de\",\"@id\":\"https:\\\/\\\/www.fotostudio-tinamann.de\\\/#\\\/schema\\\/logo\\\/image\\\/\",\"url\":\"https:\\\/\\\/www.fotostudio-tinamann.de\\\/wp-content\\\/uploads\\\/2020\\\/02\\\/Bildschirmfoto-2020-02-12-um-21.04.10.png\",\"contentUrl\":\"https:\\\/\\\/www.fotostudio-tinamann.de\\\/wp-content\\\/uploads\\\/2020\\\/02\\\/Bildschirmfoto-2020-02-12-um-21.04.10.png\",\"width\":842,\"height\":106,\"caption\":\"Fotostudio Tina Mann\"},\"image\":{\"@id\":\"https:\\\/\\\/www.fotostudio-tinamann.de\\\/#\\\/schema\\\/logo\\\/image\\\/\"},\"sameAs\":[\"https:\\\/\\\/www.facebook.com\\\/Fotostudio-Tina-Mann-266855836793786\"]}]}<\/script>\n<!-- \/ Yoast SEO plugin. -->","yoast_head_json":{"title":"Kinderb\u00fccher -","description":"Liebevoll gestaltetes Kinderbuch \u00fcber Mut, sowie kreative Malb\u00fccher f\u00fcr Kinder. Jetzt entdecken und in kleine Abenteuer eintauchen.","robots":{"index":"index","follow":"follow","max-snippet":"max-snippet:-1","max-image-preview":"max-image-preview:large","max-video-preview":"max-video-preview:-1"},"canonical":"https:\/\/www.fotostudio-tinamann.de\/?page_id=3598","og_locale":"de_DE","og_type":"article","og_title":"Kinderb\u00fccher -","og_description":"Liebevoll gestaltetes Kinderbuch \u00fcber Mut, sowie kreative Malb\u00fccher f\u00fcr Kinder. Jetzt entdecken und in kleine Abenteuer eintauchen.","og_url":"https:\/\/www.fotostudio-tinamann.de\/?page_id=3598","article_publisher":"https:\/\/www.facebook.com\/Fotostudio-Tina-Mann-266855836793786","article_modified_time":"2026-04-20T08:33:39+00:00","og_image":[{"width":2560,"height":2560,"url":"https:\/\/www.fotostudio-tinamann.de\/wp-content\/uploads\/2026\/04\/FotostudioTinaMann_9045-scaled.jpg","type":"image\/jpeg"}],"twitter_card":"summary_large_image","twitter_misc":{"Gesch\u00e4tzte Lesezeit":"3\u00a0Minuten"},"schema":{"@context":"https:\/\/schema.org","@graph":[{"@type":"WebPage","@id":"https:\/\/www.fotostudio-tinamann.de\/?page_id=3598","url":"https:\/\/www.fotostudio-tinamann.de\/?page_id=3598","name":"Kinderb\u00fccher -","isPartOf":{"@id":"https:\/\/www.fotostudio-tinamann.de\/#website"},"primaryImageOfPage":{"@id":"https:\/\/www.fotostudio-tinamann.de\/?page_id=3598#primaryimage"},"image":{"@id":"https:\/\/www.fotostudio-tinamann.de\/?page_id=3598#primaryimage"},"thumbnailUrl":"https:\/\/www.fotostudio-tinamann.de\/wp-content\/uploads\/2026\/04\/FotostudioTinaMann_9045-1024x1024.jpg","datePublished":"2026-04-20T07:40:29+00:00","dateModified":"2026-04-20T08:33:39+00:00","description":"Liebevoll gestaltetes Kinderbuch \u00fcber Mut, sowie kreative Malb\u00fccher f\u00fcr Kinder. Jetzt entdecken und in kleine Abenteuer eintauchen.","breadcrumb":{"@id":"https:\/\/www.fotostudio-tinamann.de\/?page_id=3598#breadcrumb"},"inLanguage":"de","potentialAction":[{"@type":"ReadAction","target":["https:\/\/www.fotostudio-tinamann.de\/?page_id=3598"]}]},{"@type":"ImageObject","inLanguage":"de","@id":"https:\/\/www.fotostudio-tinamann.de\/?page_id=3598#primaryimage","url":"https:\/\/www.fotostudio-tinamann.de\/wp-content\/uploads\/2026\/04\/FotostudioTinaMann_9045-scaled.jpg","contentUrl":"https:\/\/www.fotostudio-tinamann.de\/wp-content\/uploads\/2026\/04\/FotostudioTinaMann_9045-scaled.jpg","width":2560,"height":2560},{"@type":"BreadcrumbList","@id":"https:\/\/www.fotostudio-tinamann.de\/?page_id=3598#breadcrumb","itemListElement":[{"@type":"ListItem","position":1,"name":"Startseite","item":"https:\/\/www.fotostudio-tinamann.de\/"},{"@type":"ListItem","position":2,"name":"Kinderb\u00fccher"}]},{"@type":"WebSite","@id":"https:\/\/www.fotostudio-tinamann.de\/#website","url":"https:\/\/www.fotostudio-tinamann.de\/","name":"Fotostudio Tina Mann","description":"","publisher":{"@id":"https:\/\/www.fotostudio-tinamann.de\/#organization"},"potentialAction":[{"@type":"SearchAction","target":{"@type":"EntryPoint","urlTemplate":"https:\/\/www.fotostudio-tinamann.de\/?s={search_term_string}"},"query-input":{"@type":"PropertyValueSpecification","valueRequired":true,"valueName":"search_term_string"}}],"inLanguage":"de"},{"@type":"Organization","@id":"https:\/\/www.fotostudio-tinamann.de\/#organization","name":"Fotostudio Tina Mann","url":"https:\/\/www.fotostudio-tinamann.de\/","logo":{"@type":"ImageObject","inLanguage":"de","@id":"https:\/\/www.fotostudio-tinamann.de\/#\/schema\/logo\/image\/","url":"https:\/\/www.fotostudio-tinamann.de\/wp-content\/uploads\/2020\/02\/Bildschirmfoto-2020-02-12-um-21.04.10.png","contentUrl":"https:\/\/www.fotostudio-tinamann.de\/wp-content\/uploads\/2020\/02\/Bildschirmfoto-2020-02-12-um-21.04.10.png","width":842,"height":106,"caption":"Fotostudio Tina Mann"},"image":{"@id":"https:\/\/www.fotostudio-tinamann.de\/#\/schema\/logo\/image\/"},"sameAs":["https:\/\/www.facebook.com\/Fotostudio-Tina-Mann-266855836793786"]}]}},"_links":{"self":[{"href":"https:\/\/www.fotostudio-tinamann.de\/index.php?rest_route=\/wp\/v2\/pages\/3598","targetHints":{"allow":["GET"]}}],"collection":[{"href":"https:\/\/www.fotostudio-tinamann.de\/index.php?rest_route=\/wp\/v2\/pages"}],"about":[{"href":"https:\/\/www.fotostudio-tinamann.de\/index.php?rest_route=\/wp\/v2\/types\/page"}],"author":[{"embeddable":true,"href":"https:\/\/www.fotostudio-tinamann.de\/index.php?rest_route=\/wp\/v2\/users\/2"}],"replies":[{"embeddable":true,"href":"https:\/\/www.fotostudio-tinamann.de\/index.php?rest_route=%2Fwp%2Fv2%2Fcomments&post=3598"}],"version-history":[{"count":3,"href":"https:\/\/www.fotostudio-tinamann.de\/index.php?rest_route=\/wp\/v2\/pages\/3598\/revisions"}],"predecessor-version":[{"id":3609,"href":"https:\/\/www.fotostudio-tinamann.de\/index.php?rest_route=\/wp\/v2\/pages\/3598\/revisions\/3609"}],"wp:attachment":[{"href":"https:\/\/www.fotostudio-tinamann.de\/index.php?rest_route=%2Fwp%2Fv2%2Fmedia&parent=3598"}],"curies":[{"name":"wp","href":"https:\/\/api.w.org\/{rel}","templated":true}]}}